?
9
What is the ten thousands digit of 35185864?
8
What is the hundred thousands digit of 1628491805?
4
What is the millions digit of 4256288?
4
What is the hundred millions digit of 7376624242?
3
What is the ten millions digit of 1744014471?
4
What is the units digit of 9644473?
3
What is the hundred millions digit of 187764081?
1
What is the millions digit of 137670976?
7
What is the billions digit of 4201002474?
4
What is the ten thousands digit of 531895622?
9
What is the units digit of 155363392?
2
What is the hundreds digit of 271117566?
5
What is the tens digit of 405333033?
3
What is the hundred millions digit of 105510011?
1
What is the ten millions digit of 14482414?
1
What is the thousands digit of 3230239679?
9
What is the hundreds digit of 28469669?
6
What is the millions digit of 130845453?
0
What is the thousands digit of 464794946?
4
What is the tens digit of 14248149?
4
What is the hundred thousands digit of 45446215?
4
What is the tens digit of 4221621550?
5
What is the hundreds digit of 53516547?
5
What is the ten thousands digit of 24728791?
2
What is the hundreds digit of 193869569?
5
What is the millions digit of 10473231?
0
What is the hundred millions digit of 283136561?
2
What is the units digit of 1181444365?
5
What is the hundred thousands digit of 873629465?
6
What is the hundred thousands digit of 675453764?
4
What is the ten thousands digit of 631317679?
1
What is the ten millions digit of 14368346?
1
What is the thousands digit of 32954289?
4
What is the millions digit of 758555228?
8
What is the tens digit of 220317647?
4
What is the hundreds digit of 208702567?
5
What is the ten millions digit of 1188923338?
8
What is the hundred thousands digit of 62046187?
0
What is the units digit of 17929676?
6
What is the units digit of 201344157?
7
What is the hundred thousands digit of 617627678?
6
What is the thousands digit of 145453002?
3
What is the units digit of 409541159?
9
What is the millions digit of 116201084?
6
What is the thousands digit of 5586041?
6
What is the hundred millions digit of 134412933?
1
What is the thousands digit of 3347522700?
2
What is the thousands digit of 876757547?
7
What is the ten thousands digit of 1851514279?
1
What is the tens digit of 442301720?
2
What is the ten thousands digit of 32099457?
9
What is the millions digit of 1333584515?
3
What is the millions digit of 146089647?
6
What is the ten thousands digit of 95945457?
4
What is the tens digit of 17429936?
3
What is the hundreds digit of 56092923?
9
What is the thousands digit of 346682801?
2
What is the tens digit of 3631642250?
5
What is the hundreds digit of 100364873?
8
What is the millions digit of 483487398?
3
What is the millions digit of 507617206?
7
What is the ten millions digit of 3788928050?
8
What is the hundred millions digit of 2615997551?
6
What is the tens digit of 7397148?
4
What is the tens digit of 111012718?
1
What is the hundred thousands digit of 79197394?
1
What is the hundreds digit of 2028665881?
8
What is the hundred millions digit of 123534331?
1
What is the units digit of 203904981?
1
What is the millions digit of 103468756?
3
What is the thousands digit of 306397936?
7
What is the units digit of 65643560?
0
What is the tens digit of 125359767?
6
What is the thousands digit of 233681817?
1
What is the ten millions digit of 546636185?
4
What is the ten millions digit of 201298766?
0
What is the tens digit of 306367392?
9
What is the hundred millions digit of 106658750?
1
What is the millions digit of 44304083?
4
What is the hundreds digit of 148458155?
1
What is the hundred thousands digit of 34091320?
0
What is the millions digit of 12417669?
2
What is the ten millions digit of 135207581?
3
What is the ten millions digit of 1235378718?
3
What is the hundred thousands digit of 1964779938?
7
What is the units digit of 782636350?
0
What is the ten thousands digit of 598459047?
5
What is the units digit of 401180621?
1
What is the thousands digit of 87457054?
7
What is the thousands digit of 175622276?
2
What is the hundred thousands digit of 954202459?
2
What is the millions digit of 18057067?
8
What is the hundred millions digit of 131392732?
1
What is the units digit of 697381898?
8
What is the hundred millions digit of 265280854?
2
What is the thousands digit of 4123789556?
9
What is the units digit of 774392913?
3
What is the thousands digit of 2897796435?
6
What is the millions digit of 616958483?
6
What is the ten thousands digit of 214516343?
1
What is the ten millions digit of 69257367?
6
What is the tens digit of 820774455?
5
What is the hundreds digit of 421347723?
7
What is the units digit of 114466737?
7
What is the hundreds digit of 1493817922?
9
What is the ten thousands digit of 1438108124?
0
What is the hundreds digit of 53090043?
0
What is the hundred thousands digit of 49104078?
1
What is the thousands digit of 32021999?
1
What is the ten millions digit of 172465491?
7
What is the millions digit of 49546102?
9
What is the ten millions digit of 1335201685?
3
What is the ten millions digit of 700255714?
0
What is the billions digit of 4387215770?
4
What is the thousands digit of 1689768462?
8
What is the billions digit of 2986325514?
2
What is the ten thousands digit of 30389576?
8
What is the units digit of 387383871?
1
What is the ten millions digit of 69417610?
6
What is the hundred thousands digit of 9526733?
5
What is the ten thousands digit of 49359793?
5
What is the hundreds digit of 44055941?
9
What is the units digit of 102626450?
0
What is the tens digit of 792591520?
2
What is the thousands digit of 36991345?
1
What is the millions digit of 71308354?
1
What is the ten thousands digit of 55171668?
7
What is the billions digit of 5370592277?
5
What is the ten thousands digit of 9074558?
7
What is the thousands digit of 733846609?
6
What is the ten millions digit of 534211554?
3
What is the hundred thousands digit of 1230044473?
0
What is the ten thousands digit of 308015814?
1
What is the thousands digit of 19636424?
6
What is the ten millions digit of 153690923?
5
What is the units digit of 1639223911?
1
What is the millions digit of 63993899?
3
What is the tens digit of 119623345?
4
What is the units digit of 801568825?
5
What is the thousands digit of 305292547?
2
What is the thousands digit of 133044147?
4
What is the units digit of 282614629?
9
What is the ten thousands digit of 74626137?
2
What is the tens digit of 420054610?
1
What is the units digit of 11706735?
5
What is the tens digit of 4564145378?
7
What is the hundreds digit of 892280658?
6
What is the units digit of 321144650?
0
What is the ten thousands digit of 66176383?
7
What is the millions digit of 2948882881?
8
What is the millions digit of 19616156?
9
What is the ten millions digit of 478856028?
7
What is the hundreds digit of 262396050?
0
What is the tens digit of 99625009?
0
What is the ten thousands digit of 24677232?
7
What is the ten millions digit of 150519000?
5
What is the hundred thousands digit of 3526694?
5
What is the hundreds digit of 1872248586?
5
What is the millions digit of 280109741?
0
What is the millions digit of 919386059?
9
What is the units digit of 1500528652?
2
What is the ten millions digit of 1352387507?
5
What is the hundred millions digit of 217585420?
2
What is the tens digit of 3567792988?
8
What is the hundred millions digit of 6856232305?
8
What is the units digit of 4067679442?
2
What is the hundreds digit of 86421512?
5
What is the hundreds digit of 75349853?
8
What is the ten millions digit of 52035448?
5
What is the ten millions digit of 52231242?
5
What is the tens digit of 48733347?
4
What is the units digit of 348652791?
1
What is the ten thousands digit of 92173342?
7
What is the millions digit of 16794908?
6
What is the hundred thousands digit of 1246163731?
1
What is the hundred thousands digit of 624204573?
2
What is the units digit of 2498589956?
6
What is the units digit of 367383631?
1
What is the millions digit of 50592647?
0
What is the hundred thousands digit of 36237330?
2
What is the hundreds digit of 66632171?
1
What is the hundred millions digit of 459241547?
4
What is the thousands digit of 5553439251?
9
What is the hundreds digit of 316923208?
2